-35)/m)/(2/(-4)). Let d(a) = a**3 - 7*a**2 + a - 7. Determine d(j).
0
Let g(n) = -11*n**2 - 10*n - 13. Let d(i) = -5*i**2 - 5*i - 6. Let c(r) = 9*d(r) - 4*g(r). Suppose -6*b - 17*b + 73 - 211 = 0. Determine c(b).
-8
Let y(z) be the second derivative of 0*z**3 + 1/20*z**5 - 1/2*z**2 + 0 - 3*z + 1/12*z**4. Let g(b) = 529*b + 7935. Let m be g(-15). Determine y(m).
-1
Let y be 9/3 + 33 - 0. Suppose -3*l - 56 = -2*t - l, 2*t + 5*l = 91. Suppose y*v - t*v = -27. Let r(f) = f**3 + 8*f**2 - 10*f - 5. What is r(v)?
4
Suppose 4*i - 28 = -4*x, 4*i = -3*x + 27 - 5. Let t(a) be the first derivative of -a - 21 + 7/2*a**2 - 1/3*a**3. Determine t(x).
5
Let i(k) = 41*k**3 + k**2 - 1. Let x be (-35)/105*(-12)/(-4). Determine i(x).
-41
Let a(v) = 2*v + 4. Let w = 54 + -52. Let t(p) = 1 - w*p + p - 7*p**2 + 3*p**2 + 5*p**2. Let f be t(2). Give a(f).
10
Suppose 0 = -51*s - 448 + 193. Let h(r) = -r**2 - 2*r + 12. What is h(s)?
-3
Let d(y) = y**2 + 3*y + 2. Let g = -852 + 852. What is d(g)?
2
Suppose 4*s = 5*h + 27, -2*s - 18 = 5*h - 3*s. Let m be (1 - -3 - h) + 2. Let o(k) = -k - k + m*k - 6*k. Calculate o(2).
2
Let m(x) be the first derivative of x**2 + 8*x - 8788. Determine m(-5).
-2
Let d(b) = 4*b + 1. Let l(v) = -v**2 + 5*v + 1. Let w(m) = 3*d(m) - 2*l(m). Let c be (-18)/(-4) + 2/(8/2). Suppose -4*a - c*a = 9. Determine w(a).
1
Let q(s) = -3*s**2 + 1. Let p = -546 + 322. Let c = 223 + p. Determine q(c).
-2
Suppose -242*z = 27 + 127 + 88. Let s be 4/(-14) + (-24)/14. Let p(n) = 5*n + 2. Let r(b) = b + 1. Let i(d) = s*r(d) + p(d). Calculate i(z).
-3
Let b(g) = g**2 + 19*g. Let a be b(-19). Let j(s) = -2 + 3 + a + 8*s - 2 - 3. What is j(4)?
28
Let i(p) = -50 + 18 + 242*p + 0 - 240*p. Calculate i(7).
-18
Let s be (-1*9)/(3/(-2)). Let b(d) = 34*d - 3 - 19*d - 4 - 13*d. Determine b(s).
5
Let d(n) be the second derivative of -n**4/12 + 3*n**3 - 39*n**2/2 - 112*n - 3. What is d(15)?
6
Let a(w) be the first derivative of -w**5/60 - 11*w**4/24 - 7*w**3/6 + w**2/2 + 51*w - 137. Let k(s) be the second derivative of a(s). Calculate k(-10).
3
Suppose 0 = 3*v - o + 15, 6*v + 3 = v - 2*o. Suppose 0*x + 3 = x. Let u(t) = 4 - 4*t**x - t + 3*t**3 + t**2 - 4*t**2. Calculate u(v).
7
Let r(s) = -9*s. Let v = 2 - -19. Suppose 2*p = -c - 0 + 18, -23 = -c + 3*p. Let o = c - v. Calculate r(o).
9
Let w(c) = c**2 - 7*c - 17. Let b = 469 + -33. Let r = 444 - b. Give w(r).
-9
Let t(f) = -6*f**2 - f - 1. Let m(d) = -d**3 + 6*d**2 - 5*d + 63. Let p(w) = -w**3 + 6*w**2 - 4*w + 61. Let a(l) = -3*m(l) + 4*p(l). Let r be a(7). Give t(r).
-6
Let d(f) = 4*f - 13. Let i be d(4). Let x be (-6)/(-3)*(-5)/(-2). Let z(k) = k**2 - 4 + 6*k + 1 - x*k. Give z(i).
9
Suppose -3*k + 7*k - 8 = 0, 5*k + 1715 = -5*s. Let f be s/40 - 12/32. Let i(n) = -n - 2. Calculate i(f).
7
Let d(f) = 28*f**2 + 20*f - 20. Let m(l) = 4*l**2 + 3*l - 3. Let v(q) = 6*d(q) - 40*m(q). Suppose 5*o - 25 = 5*b, -4*b = -45*o + 50*o + 11. Give v(o).
8
Let h(x) = 2*x + 238 + 235 - 463. Suppose 0 = 27*b - 34*b - 21. Calculate h(b).
4
Let c(u) = u**2 + 29*u - 80. Let j(y) = -6*y**2 + 31*y - 70. Let k be j(3). What is c(k)?
-18
Let y(v) = -67*v - 5158. Let t be y(-77). Let p(u) = 5*u**2 - 2*u - 1. Give p(t).
2
Suppose -g + 1 = -7. Let w(q) be the first derivative of 3*q**2 - 6 - 10*q + g*q - 3*q**2 + q**2. Give w(2).
2
Let c(o) = -8*o**3 + 3 + 2 + 6 + 7*o**2 + 1 - 17*o + 9*o**3. What is c(-9)?
3
Let o(x) = -2 + 0*x**2 - 2*x**2 + 0*x**2 + 12*x - 3. Let b be 810/144 + 12/32. Let u be o(b). Let r(k) = k**3 + 5*k**2 - 2*k. Give r(u).
10
Let v be -3 - 23/(-7) - (-71)/1491. Let h(a) be the second derivative of v*a**3 - 25*a - 2*a**2 + 0. Determine h(4).
4
Suppose 4*s - 5*l - 15 = 0, -2*s = -4*s + 4*l + 6. Suppose s*d - 102 = -4*m + 3*d, 2*d = 5*m - 132. Let x(i) = -m + 9 - i + 18. Give x(6).
-5
Suppose 0 = -2*v + 7560 - 7568. Let c(x) = 14*x - 3. What is c(v)?
-59
Let i(r) = -16*r**3 + 7*r**2 - 10*r - 19. Let x(f) = -11*f**3 + 8*f**2 - 9*f - 19. Let u(w) = 2*i(w) - 3*x(w). What is u(9)?
1
Let t(q) be the third derivative of 29*q**6/120 + q**5/60 - q**4/12 + q**3/6 + 942*q**2. Give t(1).
29
Let a(h) = h**2 - 9*h - 30. Let r be ((-76)/304)/(3/(-168)). What is a(r)?
40
Let y(s) = -s**2 + 9*s + 3. Let g be (-18)/12 - (-1010)/20. Suppose -5*c - 3*n + g - 12 = 0, -3*c + 4*n = -28. What is y(c)?
11
Let f(y) = y**2 + 8*y + 1. Let g be (-9)/4 + -9*5/(-180). Let k be g + (-348)/60 - (-4)/5. Give f(k).
-6
Let m = 234 + -228. Let h(o) = -o**2 + 13*o - 37. Calculate h(m).
5
Let t(j) = -j**2 - j + 4. Let w(l) = -13*l + 5. Let n be w(5). Let q be (1 - (-6)/9)/((-20)/n). Calculate t(q).
-26
Let s(w) be the second derivative of w**3/3 - 11*w**2 + 14*w. Let h be s(10). Let c be h + 7 - (-1)/1. Let v(q) = -q**3 + 7*q**2 - 6*q + 7. What is v(c)?
7
Let z(n) be the third derivative of n**6/120 - 19*n**5/60 - n**3/2 + 17*n**2 - 5. What is z(19)?
-3
Let k(d) = d**2 + 34*d + 1. Let t(u) = -6*u**2 - 172*u + 27. Let c(n) = -5*k(n) - t(n). Determine c(-7).
3
Let t = -24 + 23. Let z(v) = 2*v**2 + 3*v - 9. Let f(p) = -2*p**2 - 3*p + 5. Let q(h) = 3*f(h) + 2*z(h). Determine q(t).
-2
Let b = -400 - -400. Let j(l) = -6*l - 15. Determine j(b).
-15
Let z be (0 + -1)*(-2)/4*20. Let l(r) = -2*r**3 + 3*r**3 + 2*r - 4*r + 0*r**3 + z*r**2 + 6 + 3*r. Give l(-10).
-4
Let v(j) = j**3 + 15*j**2 + 13*j - 56. Let i be v(-14). Let m be 28/i*-12*1. Let t(r) = -r**3 + 7*r**2 + 9*r - 12. Calculate t(m).
-4
Let j(w) = -103 + 5*w + 3*w**2 + 3*w**3 - 4*w**2 + 221 + w**3 - 122. What is j(1)?
4
Let a be 13/((-260)/21915) - 2/8. Let l be a/(-14) - (-1 + 18/14). Suppose 4*q - 30 = -l. Let f(i) = i**2 + 12*i - 6. Determine f(q).
-6
Suppose y + 13 = -5*x, 0 = -x + 5*y - 6 - 7. Let n(o) = -10*o**2 - 4*o + 4*o**2 + o**3 + 1 + 8*o**2 - 5. Give n(x).
-1
Let w(j) = 13*j**2 + 45*j + 2. Let q(v) = -12*v**2 - 30*v - 1. Let s(k) = -3*q(k) - 2*w(k). Give s(1).
9
Let h = 561 - 564. Let s(g) = -42*g**2 - 124*g + 4. What is s(h)?
-2
Let j(i) = 13 + i - 47 + 2*i + 65. What is j(-5)?
16
Let t(d) = 4*d**2 + d - 1. Suppose -71 = -5*o + 14. Let a = 6 - 22. Let c = o + a. Determine t(c).
4
Let l(o) be the third derivative of o**5/60 + o**4/6 - o**3 + 12*o**2 - 19. Determine l(-5).
-1
Suppose 3*n + 9 = 3*s, -3*n = 2*n - 2*s + 15. Suppose 4*u + 2*r + 2*r = -8, 12 = 2*u - 2*r. Let a(d) = 13 + d**3 - 3 - 9 + u*d + 4*d**2. What is a(n)?
4
Let s be ((-235)/(-25) - (-171)/(-19))*(-10)/(-6). Let j(b) be the first derivative of 1 + 3*b + 1/4*b**4 - 5/2*b**2 - s*b**3. Give j(3).
-3
Let g(w) = w**2 - 3*w + 5. Suppose 3*x + 3*i = 39, -3*i = -4*x + 53 + 20. Suppose -3*y + 2 + x = 0. Calculate g(y).
23
Let o(s) be the second derivative of 3*s**5/20 - s**4/3 - s**3 + s**2/2 + 25*s + 117. Calculate o(4).
105
Let z(d) = 5*d - 72. Suppose -3*t + 4*g + 48 = 0, 93*t = 89*t - 5*g + 64. Give z(t).
8
Let g(h) = -h**3 - 48*h**2 + 3*h + 153. Let w be g(-48). Let p(b) be the second derivative of -b**4/12 + 4*b**3/3 + 3*b**2 - 14*b. Determine p(w).
-3
Let k(s) = -2*s - 3. Let p(w) = -6*w - 60. Let q(x) = -8*k(x) + p(x). Calculate q(5).
14
Let d(q) be the second derivative of q**3/6 - 4*q**2 + 150*q. Let z be -3 - (-3 - -2 - -2). Calculate d(z).
-12
Let c(q) = -3087*q - 3115*q + 6198*q - 3. Give c(-12).
45
Let y(b) be the first derivative of b**3 - 3*b**2/2 - 3*b - 5. Suppose 0 = -12*d + 592 - 184. Suppose -4*k - 22 = -d. What is y(k)?
15
Let k(f) = 3*f**2 - 13*f + 6. Suppose -140*j + 6*j + 1206 = 0. What is k(j)?
132
Let o be (-10)/4*6/(-45)*9. Suppose -5*r + 4*k + 422 = 0, 3*r = -r + o*k + 337. Let z = 83 - r. Let u(m) = 22*m**2 - m. What is u(z)?
21
Let q be 24*2*-1*(7 - 9). Let w = q - 98. Let o(v) be the first derivative of v**4/4 - v**3/3 - v**2 + 4. Give o(w).
-8
Suppose -52*p + 415 = 51. Let u(m) = -m**3 + 21*m**2 - 32*m**2 + p*m + 6*m**2 - 4. Determine u(-6).
-10
Let g be (-54)/(-6) + 40/(-4) - (0 - -1). Let p(d) = d**3 - d**2 - 2*d + 5. What is p(g)?
-3
Let r be 23/(1265/30)*22/4. Let q(w) = -6*w + 2. Determine q(r).
-16
Let b(o) = -3*o**2 + 4*o - 1. Let z(p) = 23*p**2 - 9*p + 2. Let t(d) = -2*b(d) - z(d). Give t(1).
-16
Let t(b) be the second derivative of -b**3/2 + 45*b**2/2 + 2*b + 212. Give t(7).
24
Let w(d) be the second derivative of -d**5/20 - d**4/12 + d**3/3 + 17*d**2/2 + 121*d - 8. Give w(0).
17
Let m be ((-130)/20)/((-1)/14). 